{"id":63,"date":"2016-06-06T16:01:57","date_gmt":"2016-06-06T16:01:57","guid":{"rendered":"http:\/\/imkerei-stechwerk.ch\/?page_id=63"},"modified":"2016-06-29T08:33:41","modified_gmt":"2016-06-29T08:33:41","slug":"wissen","status":"publish","type":"page","link":"https:\/\/imkerei-stechwerk.ch\/?page_id=63","title":{"rendered":"Wissen"},"content":{"rendered":"<p>10 Fakten \u00fcber Bienen<\/p>\n<ol>\n<li>F\u00fcr ein 500g Glas Honig m\u00fcsste eine Biene 40000 mal Ausfliegen und Nektar sammeln. Das w\u00e4re 3.5 mal um die Erde!<\/li>\n<li>In Europa gibt es \u00fcber 560 verschiedene Wildbienenarten<\/li>\n<li>Hummeln geh\u00f6ren ebenfalls\u00a0zur Gattung der Bienen<\/li>\n<li>Ein Bienenvolk besteht aus bis zu 50000 Bienen<\/li>\n<li>Eine Flugbiene best\u00e4ubt bis zu 200 Pflanzen pro Tag<\/li>\n<li>Ohne Bienenk\u00f6nigin kann ein Volk nicht \u00fcberleben<\/li>\n<li>Eine einzelne Biene fliegt in ihrem Leben circa 8000 Kilometer<\/li>\n<li>Wir haben\u00a0im Moment 9 Bienenv\u00f6lker<\/li>\n<li>M\u00e4nnliche Bienen k\u00f6nnen nicht stechen<\/li>\n<li>Eine Bienenk\u00f6nigin kann 4 Jahre alt werden<\/li>\n<\/ol>\n<p>Eine interessante Doku, die zeigt wie wichtig Bienen sind!<\/p>\n<p><iframe loading=\"lazy\" width=\"1020\" height=\"574\" src=\"https:\/\/www.youtube.com\/embed\/eiHDZiH1mKc?feature=oembed\" frameborder=\"0\" allowfullscreen><\/iframe><\/p>\n","protected":false},"excerpt":{"rendered":"<div class=\"entry-summary\">\n10 Fakten \u00fcber Bienen F\u00fcr ein 500g Glas Honig m\u00fcsste eine Biene&hellip;\n<\/div>\n<div class=\"link-more\"><a href=\"https:\/\/imkerei-stechwerk.ch\/?page_id=63\" class=\"more-link\">Continue reading<span class=\"screen-reader-text\"> &ldquo;Wissen&rdquo;<\/span>&hellip;<\/a><\/div>\n","protected":false},"author":1,"featured_media":0,"parent":0,"menu_order":0,"comment_status":"closed","ping_status":"closed","template":"","meta":{"ngg_post_thumbnail":0},"_links":{"self":[{"href":"https:\/\/imkerei-stechwerk.ch\/index.php?rest_route=\/wp\/v2\/pages\/63"}],"collection":[{"href":"https:\/\/imkerei-stechwerk.ch\/index.php?rest_route=\/wp\/v2\/pages"}],"about":[{"href":"https:\/\/imkerei-stechwerk.ch\/index.php?rest_route=\/wp\/v2\/types\/page"}],"author":[{"embeddable":true,"href":"https:\/\/imkerei-stechwerk.ch\/index.php?rest_route=\/wp\/v2\/users\/1"}],"replies":[{"embeddable":true,"href":"https:\/\/imkerei-stechwerk.ch\/index.php?rest_route=%2Fwp%2Fv2%2Fcomments&post=63"}],"version-history":[{"count":8,"href":"https:\/\/imkerei-stechwerk.ch\/index.php?rest_route=\/wp\/v2\/pages\/63\/revisions"}],"predecessor-version":[{"id":171,"href":"https:\/\/imkerei-stechwerk.ch\/index.php?rest_route=\/wp\/v2\/pages\/63\/revisions\/171"}],"wp:attachment":[{"href":"https:\/\/imkerei-stechwerk.ch\/index.php?rest_route=%2Fwp%2Fv2%2Fmedia&parent=63"}],"curies":[{"name":"wp","href":"https:\/\/api.w.org\/{rel}","templated":true}]}}