{"id":69,"date":"2016-06-06T16:03:21","date_gmt":"2016-06-06T16:03:21","guid":{"rendered":"http:\/\/imkerei-stechwerk.ch\/?page_id=69"},"modified":"2018-12-10T14:19:19","modified_gmt":"2018-12-10T14:19:19","slug":"bienenpate","status":"publish","type":"page","link":"https:\/\/imkerei-stechwerk.ch\/?page_id=69","title":{"rendered":"Bienenpate"},"content":{"rendered":"<p>Tu etwas Gutes f\u00fcr deine Umwelt und werde Bienenpate. Lerne die Welt der Bienen hautnah kennen auf unserem Stand und unterst\u00fctze gleichzeitig unsere Arbeit als Imker. Mit einer Bienenpatenschaft f\u00f6rderst du die Artenvielfalt der Natur!<\/p>\n<p>Die Bienenpatenschaft eignet sich auch hervorragend als Geschenk f\u00fcr Naturbegeisterte.<\/p>\n<p>Verschiedene Patenschaften sind m\u00f6glich und auf jeweils 1 Jahr ausgelegt.<\/p>\n<p>&nbsp;<\/p>\n<p>V\u00f6lker\u00a0Patenschaften<\/p>\n<ul>\n<li>Du darfst deinen Volk einen Namen f\u00fcrs Leben geben!<\/li>\n<li>3 Kilogramm Honig von deinem Patenvolk<\/li>\n<li>3 Standbesuche\u00a0bei denen du dein Patenvolk besuchen und mehr \u00fcber sie lernen kannst (1-2 Personen)<\/li>\n<li>Zertifikat der Patenschaft<\/li>\n<\/ul>\n<p>Preis 180.- *<br \/>\n<br \/>\nArbeiterbienen Patenschaft<\/p>\n<ul>\n<li>2 Standbesuche bei denen\u00a0du dein Patenvolk besuchen und mehr \u00fcber sie lernen kannst (1-2 Personen)<\/li>\n<li>2 Kilogramm Honig von deinem Patenvolk<\/li>\n<li>Zertifikat der Patenschaft<\/li>\n<\/ul>\n<p>Preis 100.-*<br \/>\n <br \/>\nDrohnen Patenschaft<\/p>\n<ul>\n<li>1\u00a0Standbesuche bei dem du dein Patenvolk besuchen und mehr \u00fcber sie lernen kannst (1-2 Personen)<\/li>\n<li>1 Kilogramm Honig von deinem Patenvolk<\/li>\n<li>Zertifikat der Patenschaft<\/li>\n<\/ul>\n<p>Preis 80.-*<br \/>\n<br \/>\n&nbsp;<\/p>\n<p>* Preise in CHF ohne Versand, Versand innerhalb Winterthur frei.<\/p>\n","protected":false},"excerpt":{"rendered":"<div class=\"entry-summary\">\nTu etwas Gutes f\u00fcr deine Umwelt und werde Bienenpate. Lerne die Welt&hellip;\n<\/div>\n<div class=\"link-more\"><a href=\"https:\/\/imkerei-stechwerk.ch\/?page_id=69\" class=\"more-link\">Continue reading<span class=\"screen-reader-text\"> &ldquo;Bienenpate&rdquo;<\/span>&hellip;<\/a><\/div>\n","protected":false},"author":1,"featured_media":0,"parent":0,"menu_order":0,"comment_status":"closed","ping_status":"closed","template":"","meta":{"ngg_post_thumbnail":0},"_links":{"self":[{"href":"https:\/\/imkerei-stechwerk.ch\/index.php?rest_route=\/wp\/v2\/pages\/69"}],"collection":[{"href":"https:\/\/imkerei-stechwerk.ch\/index.php?rest_route=\/wp\/v2\/pages"}],"about":[{"href":"https:\/\/imkerei-stechwerk.ch\/index.php?rest_route=\/wp\/v2\/types\/page"}],"author":[{"embeddable":true,"href":"https:\/\/imkerei-stechwerk.ch\/index.php?rest_route=\/wp\/v2\/users\/1"}],"replies":[{"embeddable":true,"href":"https:\/\/imkerei-stechwerk.ch\/index.php?rest_route=%2Fwp%2Fv2%2Fcomments&post=69"}],"version-history":[{"count":6,"href":"https:\/\/imkerei-stechwerk.ch\/index.php?rest_route=\/wp\/v2\/pages\/69\/revisions"}],"predecessor-version":[{"id":259,"href":"https:\/\/imkerei-stechwerk.ch\/index.php?rest_route=\/wp\/v2\/pages\/69\/revisions\/259"}],"wp:attachment":[{"href":"https:\/\/imkerei-stechwerk.ch\/index.php?rest_route=%2Fwp%2Fv2%2Fmedia&parent=69"}],"curies":[{"name":"wp","href":"https:\/\/api.w.org\/{rel}","templated":true}]}}